me factors of 34123104?
2, 3, 109, 1087
List the prime factors of 40253839.
61, 659899
What are the prime factors of 229744959?
3, 76581653
List the prime factors of 1751621750.
2, 5, 29, 241603
What are the prime factors of 1610041004?
2, 11, 13, 255887
What are the prime factors of 10084128?
2, 3, 17, 37, 167
What are the prime factors of 2082944135?
5, 659, 632153
What are the prime factors of 2510841706?
2, 311, 4036723
List the prime factors of 7965681.
3, 739, 3593
What are the prime factors of 1949007006?
2, 3, 241, 449287
What are the prime factors of 1963288281?
3, 43, 683, 22283
List the prime factors of 6747790556.
2, 13, 5737, 22619
List the prime factors of 84608056.
2, 13, 97, 8387
What are the prime factors of 37644551?
7, 1697, 3169
What are the prime factors of 724265500?
2, 5, 7, 206933
What are the prime factors of 733904327?
13, 56454179
List the prime factors of 22086689.
17, 827, 1571
What are the prime factors of 163705016?
2, 1871, 10937
What are the prime factors of 405735151?
405735151
What are the prime factors of 2508078852?
2, 3, 69668857
What are the prime factors of 142601701?
11, 1567, 8273
What are the prime factors of 271160557?
17, 239, 66739
List the prime factors of 2076875731.
7, 19, 2230801
List the prime factors of 2072771936.
2, 167, 397, 977
List the prime factors of 1251882862.
2, 947, 660973
List the prime factors of 3523686.
2, 3, 587281
List the prime factors of 4389604911.
3, 1097, 444607
What are the prime factors of 35370667?
61, 293, 1979
What are the prime factors of 1272369520?
2, 5, 467, 34057
What are the prime factors of 394166514?
2, 3, 7, 19, 25997
What are the prime factors of 546440972?
2, 7, 11, 1774159
What are the prime factors of 851273868?
2, 3, 109, 650821
List the prime factors of 55931122.
2, 13, 17, 126541
What are the prime factors of 135712299?
3, 3917, 11549
List the prime factors of 359456224.
2, 139, 211, 383
What are the prime factors of 5786047?
109, 487
List the prime factors of 370898678.
2, 1481, 125219
List the prime factors of 902043878.
2, 6737, 66947
What are the prime factors of 99956960?
2, 5, 624731
What are the prime factors of 130015288?
2, 13, 1250147
What are the prime factors of 94556888?
2, 11819611
List the prime factors of 57897433.
11, 103, 137, 373
List the prime factors of 93169447.
7, 673, 19777
List the prime factors of 561824071.
561824071
What are the prime factors of 50039962?
2, 7, 431, 8293
What are the prime factors of 229710909?
3, 103, 743401
List the prime factors of 920774129.
11, 1451, 57689
What are the prime factors of 18113493?
3, 6037831
List the prime factors of 169023803.
13, 23, 29, 101, 193
List the prime factors of 247996811.
247996811
List the prime factors of 2587888565.
5, 43, 12036691
What are the prime factors of 731158647?
3, 243719549
What are the prime factors of 39466076?
2, 13, 758963
What are the prime factors of 1054093342?
2, 739, 713189
List the prime factors of 128051624.
2, 71, 151, 1493
What are the prime factors of 460827711?
3, 37, 153763
What are the prime factors of 18036687?
3, 6012229
What are the prime factors of 392456321?
251, 1563571
What are the prime factors of 2756917488?
2, 3, 13, 107, 157, 263
List the prime factors of 605076979.
13, 97, 479839
List the prime factors of 3438465238.
2, 13, 132248663
List the prime factors of 2982933146.
2, 1491466573
What are the prime factors of 507669061?
507669061
What are the prime factors of 368556556?
2, 37, 2490247
What are the prime factors of 692561357?
692561357
What are the prime factors of 29455986?
2, 3, 7, 59, 11887
What are the prime factors of 33631057?
179, 187883
What are the prime factors of 23004603?
3, 2556067
List the prime factors of 37098313.
7, 809, 6551
List the prime factors of 130813761.
3, 13, 1787, 1877
List the prime factors of 274496166.
2, 3, 7, 2178541
List the prime factors of 106499658.
2, 3, 29, 612067
What are the prime factors of 173595629?
31, 5599859
What are the prime factors of 4086142190?
2, 5, 13, 89, 179, 1973
List the prime factors of 5359389162.
2, 3, 17, 52543031
What are the prime factors of 1831816870?
2, 5, 13, 97, 145267
What are the prime factors of 807616650?
2, 3, 5, 29, 31, 53, 113
List the prime factors of 4883057593.
2281, 2140753
List the prime factors of 245708407.
7, 43, 79, 10333
List the prime factors of 60629670.
2, 3, 5, 337, 1999
What are the prime factors of 28404084?
2, 3, 2367007
List the prime factors of 1164567331.
1164567331
List the prime factors of 3134142898.
2, 1567071449
What are the prime factors of 40074746?
2, 17, 1178669
List the prime factors of 62859932.
2, 107, 227, 647
What are the prime factors of 67700776?
2, 11, 13, 23, 31, 83
What are the prime factors of 156215413?
3121, 50053
What are the prime factors of 36366300?
2, 3, 5, 13469
List the prime factors of 48325305.
3, 5, 7, 17, 27073
List the prime factors of 3211874678.
2, 1409, 1139771
List the prime factors of 232955466.
2, 3, 19, 131, 821
List the prime factors of 6735134602.
2, 7, 3539, 135937
List the prime factors of 3529858080.
2, 3, 5, 7, 223, 673
What are the prime factors of 548690590?
2, 5, 7, 83, 94439
What are the prime factors of 464327217?
3, 1129, 45697
List the prime factors of 80524830.
2, 3, 5, 2684161
List the prime factors of 63917642.
2, 31958821
List the prime factors of 1700154689.
167, 331, 30757
List the prime factors of 870047219.
163, 353, 15121
What are the prime factors of 3873962485?
5, 1879, 412343
List the prime factors of 186118073.
47, 3959959
What are the prime factors of 129525316?
2, 31, 1044559
What are the prime factors of 2181084378?
2, 3, 11, 33046733
List the prime factors of 1057628427.
3, 211, 1670819
List the prime factors of 276015509.
7, 11, 3584617
List the prime factors of 2328516638.
2, 7, 983, 169199
List the prime factors of 53217398.
2, 13, 2046823
What are the prime factors of 119444367?
3, 7, 5687827
What are the prime factors of 2869035855?
3, 5, 7, 17, 709, 2267
List the prime factors of 40837860.
2, 3, 5, 7, 32411
What are the prime factors of 1511471905?
5, 2851, 106031
What are the prime factors of 10800996?
2, 3, 523, 1721
List the prime factors of 3540572.
2, 7, 31, 4079
List the prime factors of 5017991702.
2, 521, 4815731
What are the prime factors of 943731098?
2, 17, 3319, 8363
List the prime factors of 833285756.
2, 208321439
What are the prime factors of 83665779?
3, 2767, 10079
What are the prime factors of 20601194?
2, 29, 355193
List the prime factors of 48517234.
2, 59, 179, 2297
List the prime factors of 2696502205.
5, 277, 1946933
What are the prime factors of 394347081?
3, 131449027
What are the prime factors of 543129373?
543129373
List the prime factors of 3209492497.
199, 1597, 10099
List the prime factors of 51534921.
3, 53, 324119
What are the prime factors of 971994813?
3, 757, 428003
What are the prime factors of 39820706?
2, 421, 47293
List the prime factors of 2058454694.
2, 1029227347
What are the prime factors of 859972?
2, 214993
What are the prime factors of 58969686?
2, 3, 509, 19309
List the prime factors of 682524563.
7, 23, 883, 4801
List the prime factors of 1338352688.
2, 61, 1371263
What are the prime factors of 58290226?
2, 29145113
What are the prime factors of 929264906?
2, 23, 227, 88993
List the prime factors of 955795840.
2, 5, 37, 181, 223
List the prime factors of 444848060.
2, 5, 23, 967061
List the prime factors of 52574621.
11, 434501
List the prime factors of 135191036.
2, 73, 462983
List the prime factors of 56064477.
3, 7, 109, 3499
List the prime factors of 445651049.
445651049
List the prime factors of 1028103160.
2, 5, 7, 3671797
List the prime factors of 414327816.
2, 3, 7, 822079
What are the prime factors of 91637182?
2, 7, 13, 503501
List the prime factors of 764601867.
3, 163, 521201
What are the prime factors of 3551597649?
3, 394621961
What are the prime factors of 30494248?
2, 89, 42829
What are the prime factors of 4132155291?
3, 11, 73, 479, 3581
What are the prime factors of 531097747?
19, 3217, 8689
List the prime factors of 39371853.
3, 47, 103, 2711
What are the prime factors of 435713421?
3, 11, 13, 73, 13913
List the prime factors of 985904774.
2, 43, 11464009
What are the prime factors of 9